(d) = 60*d - 4058. Calculate v(64).
-218
Let w(y) = 176*y + 2791. Determine w(-17).
-201
Let c(z) = 53*z**3 - 370*z**2 + 203*z - 1476. Determine c(7).
-6
Let o(y) = 2104*y + 12548. Determine o(-6).
-76
Let t(i) = 68*i**3 - 21761*i**2 + 322*i - 639. Give t(320).
1
Let y(q) = -q**3 - 8085*q**2 - 40204*q + 991. Calculate y(-5).
11
Let c(t) = -t**3 - 270*t**2 - 2271*t + 20349. Determine c(-261).
-9
Let z(x) = -x**3 - 8*x**2 - 160*x - 1836. Calculate z(-12).
660
Let t(v) = -839*v + 60350. Determine t(66).
4976
Let t(s) = -2*s**3 - 62*s**2 + 92*s + 6. What is t(-35)?
6586
Let b(k) = -76387*k - 458330. Determine b(-6).
-8
Let b(d) = -d**3 + 6*d**2 - 2803*d + 22428. What is b(8)?
-124
Let m(x) = 2*x**3 - 22*x**2 - 373*x + 27. Calculate m(-11).
-1194
Let j(u) = -110887*u + 2328643. What is j(21)?
16
Let s(w) = 34*w**3 + 16*w**2 - 39*w + 92. Calculate s(3).
1037
Let r(j) = 123*j - 74100. Give r(600).
-300
Let s(u) = u**3 - 125*u**2 - 132*u + 400. Give s(126).
-356
Let a(j) = -2*j**3 - 37*j**2 + 17*j - 38. Give a(-19).
0
Let q(o) = -15*o**2 + 300*o - 848. Calculate q(3).
-83
Let c(z) = 7*z**3 + 542*z**2 - 7876*z + 3964. Calculate c(-90).
4
Let x(y) = -26188*y + 314077. Determine x(12).
-179
Let d(c) = -26280*c + 157708. What is d(6)?
28
Let g(n) = 2*n**3 - 25*n**2 - 3163*n + 32134. Determine g(10).
4
Let q(x) = -10*x**3 + 1488*x**2 - 1190*x + 871. Determine q(148).
-17
Let r(y) = -53*y**2 + 1698*y - 52. Determine r(32).
12
Let u(d) = d**2 - 1037*d - 30871. Determine u(-29).
43
Let u(c) = -88*c**3 - 52*c**2 + 103*c - 2. Determine u(2).
-708
Let x(n) = n**2 - 202*n + 10735. What is x(107)?
570
Let c(o) = -o**3 + 37*o**2 + 258*o - 11066. What is c(35)?
414
Let b(f) = -f**2 + 763*f + 65414. Give b(-78).
-184
Let n(l) = 2*l**2 + 367*l - 1087. Give n(-185).
-532
Let m(h) = 3*h**2 - 34*h - 2148. Give m(34).
164
Let z(j) = j**3 + 243*j**2 - 21509*j + 5916. Calculate z(-312).
-12
Let r(m) = 2*m**2 - 102906*m + 1851667. Calculate r(18).
7
Let g(n) = 9*n**2 + 143*n + 276. Determine g(-11).
-208
Let u(n) = -n**3 - 533*n**2 - 55278*n - 2343. Give u(-392).
9
Let q(s) = s**3 - 223*s**2 + 8402*s - 107. What is q(48)?
-11
Let w(j) = 33247*j + 78196939. Calculate w(-2352).
-5
Let v(r) = -15*r**3 - 18*r**2 + 52*r + 41. Calculate v(-6).
2321
Let x(k) = 11271*k + 4700002. Calculate x(-417).
-5
Let u(i) = -i**3 + 30*i**2 - 81*i - 376. Determine u(28).
-1076
Let a(w) = 51*w - 5912. Give a(130).
718
Let m(c) = 1849*c**2 + 3761*c + 124. Give m(-2).
-2
Let m(u) = -18*u**2 - 116*u + 4563. What is m(13)?
13
Let u(c) = 8*c**3 + 737*c**2 + 106*c + 1173. Calculate u(-92).
-115
Let g(s) = -s**3 - 77*s**2 - 286*s - 10844. What is g(-75)?
-644
Let b(o) = -o**3 - 39*o**2 - 146*o - 159. Give b(-35).
51
Let p(k) = 2*k**2 - 106968*k - 427911. What is p(-4)?
-7
Let t(d) = -2*d**2 + 2221*d - 216540. What is t(108)?
0
Let h(z) = -z**3 + 233*z**2 + 2018*z + 100203. Give h(243).
87
Let m(a) = a**3 - 90*a**2 + 291*a - 10105. Give m(88).
15
Let i(a) = 22*a**2 - 10930*a - 12960. Determine i(498).
-12
Let o(p) = 391694*p - 2350145. Give o(6).
19
Let n(q) = -q**3 + 74*q**2 + 203*q + 29505. Determine n(81).
21
Let m(c) = c**3 + 1959*c**2 - 88129*c - 125. Calculate m(44).
7
Let v(u) = 18*u**3 + 86*u**2 - 3*u - 15. What is v(-7)?
-1954
Let p(r) = 35*r**2 + 75*r + 148. Calculate p(-2).
138
Let w(j) = -2*j**3 - 10754*j**2 + 118537*j - 5. What is w(11)?
6
Let u(l) = -l**3 - 52*l**2 + 474*l - 105. Determine u(8).
-153
Let q(l) = 212*l**2 + 6149*l - 39. Determine q(-29).
-68
Let j(w) = 362*w - 1685. What is j(3)?
-599
Let m(i) = -729398*i - 4376382. What is m(-6)?
6
Let c(p) = 5255*p + 42088. What is c(-8)?
48
Let z(j) = 220*j + 20524. Determine z(-92).
284
Let d(s) = -278*s - 19504. Determine d(-75).
1346
Let t(p) = 4*p**2 - 1443*p - 384. What is t(361)?
-23
Let q(z) = -130136*z + 6506793. Give q(50).
-7
Let i(m) = -m**3 - 108*m**2 + 71*m - 55806. What is i(-113)?
16
Let c(s) = -30755*s - 461331. Give c(-15).
-6
Let l(f) = -164473*f - 328995. Calculate l(-2).
-49
Let z(w) = -27089*w - 270862. Determine z(-10).
28
Let s(q) = q**3 - 36*q**2 - 396*q + 13147. Calculate s(37).
-136
Let j(c) = -3*c**2 + 865*c + 7355. Calculate j(297).
-367
Let f(l) = 2*l**3 - 34*l**2 + 7*l - 70. Give f(18).
704
Let q(x) = -x**3 - 239*x**2 - 4264*x + 27. What is q(-19)?
1623
Let f(r) = 31*r**2 - 309*r + 615. Calculate f(2).
121
Let a(h) = -185*h + 1542. Determine a(5).
617
Let j(y) = -y**2 + 1155*y + 154387. Give j(-121).
-9
Let z(v) = -1835*v + 7359. What is z(4)?
19
Let y(m) = 181*m - 96575. Give y(534).
79
Let t(g) = 3935*g - 259711. What is t(66)?
-1
Let l(m) = -2*m**2 + 835*m - 6642. What is l(8)?
-90
Let g(w) = w**3 + 34*w**2 + 8033*w + 320866. Determine g(-39).
-26
Let p(v) = -221*v + 45474. What is p(211)?
-1157
Let u(q) = 152*q**3 - 27*q**2 - 52*q + 2. What is u(-2)?
-1218
Let w(h) = -1004*h - 464. What is w(-2)?
1544
Let q(r) = -7486*r + 37411. Calculate q(5).
-19
Let m(z) = -3*z**3 + 10*z**2 + 1916*z - 3850. Determine m(2).
-2
Let y(b) = -72763*b + 72971. What is y(1)?
208
Let x(l) = 3*l**3 + 3*l**2 + 1565*l - 3140. What is x(2)?
26
Let r(k) = -k**3 + 81*k**2 - 441*k + 21799. Give r(79).
-558
Let q(t) = -t**2 + 122*t - 948. What is q(39)?
2289
Let l(o) = 1098*o - 38344. What is l(35)?
86
Let a(h) = -44*h**2 - 11215*h + 1328. What is a(-255)?
53
Let m(s) = -343*s - 43329. Give m(-114).
-4227
Let i(j) = -4*j**2 + 1250*j - 12804. Calculate i(302).
-120
Let i(l) = 108*l**2 + 65*l - 4. Calculate i(-3).
773
Let h(d) = -6978*d - 1207193. Give h(-173).
1
Let x(l) = 5*l**2 + 1785*l - 88214. Give x(-401).
6
Let o(p) = 5007*p**2 - 25029*p - 2. What is o(5)?
28
Let u(w) = 150785*w + 301581. Give u(-2).
11
Let w(t) = t**3 + 3*t**2 - 396*t - 2449. Determine w(-6).
-181
Let u(p) = 69249*p + 553977. What is u(-8)?
-15
Let q(t) = -85*t + 53481. Determine q(629).
16
Let t(w) = 1132*w - 19439. Calculate t(18).
937
Let w(v) = 4*v**2 - 218*v + 4079. What is w(20)?
1319
Let n(r) = 529*r + 19780. Give n(-31).
3381
Let v(w) = -w**3 + 30*w**2 - 258*w + 484. Give v(16).
-60
Let g(u) = -u**2 + 394*u - 32582. Give g(118).
-14
Let k(j) = 316*j + 9131. Determine k(-28).
283
Let v(k) = -4*k**2 - 158*k - 3668. What is v(-27)?
-2318
Let d(p) = p**3 + 102*p**2 - 1848*p + 4697. Calculate d(-118).
-23
Let q(t) = 7683*t**2 - 30785*t + 215. Determine q(4).
3
Let w(y) = 45*y**2 - 777*y - 2323. Determine w(-3).
413
Let z(v) = -96054*v + 576572. Give z(6).
248
Let j(d) = -1014*d**2 - 103432*d - 414. Determine j(-102).
-6
Let g(v) = -3*v**2 + 47*v - 102. What is g(13)?
2
Let y(b) = 602*b + 2693. Calculate y(-3).
887
Let a(s) = -8*s**3 - 157*s**2 + 64*s + 94. Determine a(-20).
14
Let n(y) = 12610*y + 25238. What is n(-2)?
18
Let m(b) = -17*b**3 + 33*b**2 + 127*b + 45. Calculate m(-4).
1153
Let z(f) = 474*f**3 + 5*f**2 - 59*f + 52. Give z(1).
472
Let n(l) = 2*l**2 + 908*l + 14012. What is n(-16)?
-4
Let s(w) = 897*w + 5260. Give s(-6).
-122
Let u(v) = -4573*v - 3352281. Give u(-733).
-272
Let l(c) = 135*c - 15902. Determine l(118).
28
Let a(n) = -2*n**2 + 275*n + 8190. Give a(163).
-123
Let q(j) = 7*j**2 - 664*j + 8256. Give q(13).
807
Let h(d) = 2*d**2 + 12176*d + 97276. Give h(-8).
-4
Let d(a) = 454*a + 3653. Calculate d(-8).
21
Let l(t) = -191*t + 16942. Give l(88).
134
Let v(b) = 2*b**3 - 119*b**2 - 62*b + 535. Give v(60).
415
Let b(y) = 329*y**3 - 1315*y**2 + 215*y - 865. What is b(4)?
11
Let h(t) = t**2 - 5*t - 252. What is h(26)?
294
Let o(q) = -291*q - 1650. Give o(-10).
1260
Let b(r) = -904219*r - 904205. Give b(-1).
14
Let n(u) = -5*u**3 - 5*u**2 - 563*u - 1121. What is n(-2)?
25
Let c(q) = -q**2 + 60*q - 192. Give c(60).
-192
Let s(c) = -586*c**3 + 63*c**2 + 46*c - 21. Determine s(-1).
582
Let m(u) = -2*u**3 - 229*u**2 - 131*u - 1937. Determine m(-114).
1
Let z(x) = -46384*x + 2829421. What is z(61)?
-3
Let o(l) = 54*l**2 - 475*l + 61. Determine o(9).
160
Let w(r) = 20*r**2 - 161*r + 104. Calculate w(7).
-43
Let t(i) = -2*i**3 - 73*i**2 - 647*i + 30. Calculate t(-15).
60
Let k(d) = 154*d**2 + 7817*d - 1885. Determine k(-51).
2
Let t(y) = 2566*y + 151021. What is t(-59)?
-373
Let k(i) = 6550*i + 779352. What is k(-119)?
-98
Let b(z) = -20*z**2 - 58*z - 35. Calculate b(-4).
-123
Let d(c) = 115377*c + 5191974. Determine d(-45).
9
Let l(z) = -9*z**2 + 